{"id":560,"date":"2023-09-08T00:14:45","date_gmt":"2023-09-07T22:14:45","guid":{"rendered":"https:\/\/benildemenghini.com\/?page_id=560"},"modified":"2025-01-05T21:42:29","modified_gmt":"2025-01-05T20:42:29","slug":"contact","status":"publish","type":"page","link":"https:\/\/benildemenghini.com\/index.php\/contact\/","title":{"rendered":"Contact"},"content":{"rendered":"\n<div class=\"wp-block-uagb-separator uagb-block-a3d7b4bf\"><div class=\"wp-block-uagb-separator__inner\" style=\"--my-background-image:\"><\/div><\/div>\n\n\n\n<div class=\"wp-block-uagb-container uagb-block-78e2753e alignfull uagb-is-root-container\"><div class=\"uagb-container-inner-blocks-wrap\">\n<div class=\"wp-block-uagb-container uagb-block-387c2998\">\n<div class=\"wp-block-uagb-image aligncenter uagb-block-a33a593b wp-block-uagb-image--layout-default wp-block-uagb-image--effect-static wp-block-uagb-image--align-center\"><figure class=\"wp-block-uagb-image__figure\"><img decoding=\"async\" srcset=\"https:\/\/benildemenghini.com\/wp-content\/uploads\/2023\/09\/benilde-reproduction2.jpg ,https:\/\/benildemenghini.com\/wp-content\/uploads\/2023\/09\/benilde-reproduction2.jpg 780w, https:\/\/benildemenghini.com\/wp-content\/uploads\/2023\/09\/benilde-reproduction2.jpg 360w\" sizes=\"auto, (max-width: 480px) 150px\" src=\"https:\/\/benildemenghini.com\/wp-content\/uploads\/2023\/09\/benilde-reproduction2.jpg\" alt=\"\" class=\"uag-image-586\" width=\"205\" height=\"402\" title=\"\" loading=\"lazy\" role=\"img\"\/><\/figure><\/div>\n<\/div>\n\n\n\n<div class=\"wp-block-uagb-container uagb-block-0690d8d3\">\n<div class=\"wp-block-uagb-info-box uagb-block-dc434f29 uagb-infobox__content-wrap  uagb-infobox-icon-above-title uagb-infobox-image-valign-top\"><div class=\"uagb-ifb-content\"><div class=\"uagb-ifb-icon-wrap\"><svg xmlns=\"https:\/\/www.w3.org\/2000\/svg\" viewBox=\"0 0 512 512\"><path d=\"M464 64C490.5 64 512 85.49 512 112C512 127.1 504.9 141.3 492.8 150.4L275.2 313.6C263.8 322.1 248.2 322.1 236.8 313.6L19.2 150.4C7.113 141.3 0 127.1 0 112C0 85.49 21.49 64 48 64H464zM217.6 339.2C240.4 356.3 271.6 356.3 294.4 339.2L512 176V384C512 419.3 483.3 448 448 448H64C28.65 448 0 419.3 0 384V176L217.6 339.2z\"><\/path><\/svg><\/div><div class=\"uagb-ifb-title-wrap\"><h3 class=\"uagb-ifb-title\">info@benildemenghini.com<br><br><\/h3><\/div><p class=\"uagb-ifb-desc\">Pour toute information ou demande, n&rsquo;h\u00e9sitez pas \u00e0 contacter Benilde Menghini \u00e0 cette adresse<\/p><\/div><\/div>\n<\/div>\n\n\n\n<div class=\"wp-block-uagb-container uagb-block-4f3fd51b\">\n<div class=\"wp-block-uagb-image aligncenter uagb-block-7dcd9ed5 wp-block-uagb-image--layout-default wp-block-uagb-image--effect-static wp-block-uagb-image--align-center\"><figure class=\"wp-block-uagb-image__figure\"><img decoding=\"async\" srcset=\"https:\/\/benildemenghini.com\/wp-content\/uploads\/2023\/09\/benilde-reproduction1.jpg ,https:\/\/benildemenghini.com\/wp-content\/uploads\/2023\/09\/benilde-reproduction1.jpg 780w, https:\/\/benildemenghini.com\/wp-content\/uploads\/2023\/09\/benilde-reproduction1.jpg 360w\" sizes=\"auto, (max-width: 480px) 150px\" src=\"https:\/\/benildemenghini.com\/wp-content\/uploads\/2023\/09\/benilde-reproduction1.jpg\" alt=\"\" class=\"uag-image-587\" width=\"203\" height=\"402\" title=\"\" loading=\"lazy\" role=\"img\"\/><\/figure><\/div>\n<\/div>\n<\/div><\/div>\n","protected":false},"excerpt":{"rendered":"","protected":false},"author":1,"featured_media":0,"parent":0,"menu_order":0,"comment_status":"closed","ping_status":"closed","template":"","meta":{"_uag_custom_page_level_css":"","site-sidebar-layout":"default","site-content-layout":"","ast-site-content-layout":"default","site-content-style":"default","site-sidebar-style":"default","ast-global-header-display":"","ast-banner-title-visibility":"","ast-main-header-display":"","ast-hfb-above-header-display":"","ast-hfb-below-header-display":"","ast-hfb-mobile-header-display":"","site-post-title":"disabled","ast-breadcrumbs-content":"","ast-featured-img":"","footer-sml-layout":"disabled","ast-disable-related-posts":"","theme-transparent-header-meta":"","adv-header-id-meta":"","stick-header-meta":"","header-above-stick-meta":"","header-main-stick-meta":"","header-below-stick-meta":"","astra-migrate-meta-layouts":"","ast-page-background-enabled":"default","ast-page-background-meta":{"desktop":{"background-color":"var(--ast-global-color-4)","background-image":"","background-repeat":"repeat","background-position":"center center","background-size":"auto","background-attachment":"scroll","background-type":"","background-media":"","overlay-type":"","overlay-color":"","overlay-opacity":"","overlay-gradient":""},"tablet":{"background-color":"","background-image":"","background-repeat":"repeat","background-position":"center center","background-size":"auto","background-attachment":"scroll","background-type":"","background-media":"","overlay-type":"","overlay-color":"","overlay-opacity":"","overlay-gradient":""},"mobile":{"background-color":"","background-image":"","background-repeat":"repeat","background-position":"center center","background-size":"auto","background-attachment":"scroll","background-type":"","background-media":"","overlay-type":"","overlay-color":"","overlay-opacity":"","overlay-gradient":""}},"ast-content-background-meta":{"desktop":{"background-color":"var(--ast-global-color-5)","background-image":"","background-repeat":"repeat","background-position":"center center","background-size":"auto","background-attachment":"scroll","background-type":"","background-media":"","overlay-type":"","overlay-color":"","overlay-opacity":"","overlay-gradient":""},"tablet":{"background-color":"var(--ast-global-color-5)","background-image":"","background-repeat":"repeat","background-position":"center center","background-size":"auto","background-attachment":"scroll","background-type":"","background-media":"","overlay-type":"","overlay-color":"","overlay-opacity":"","overlay-gradient":""},"mobile":{"background-color":"var(--ast-global-color-5)","background-image":"","background-repeat":"repeat","background-position":"center center","background-size":"auto","background-attachment":"scroll","background-type":"","background-media":"","overlay-type":"","overlay-color":"","overlay-opacity":"","overlay-gradient":""}},"footnotes":""},"folder":[],"class_list":["post-560","page","type-page","status-publish","hentry"],"yoast_head":"<!-- This site is optimized with the Yoast SEO plugin v26.8 - https:\/\/yoast.com\/product\/yoast-seo-wordpress\/ -->\n<title>Contact - Benilde Menghini<\/title>\n<meta name=\"description\" content=\"La page contact de Benilde Menghini. Pour toute information ou demande, n&#039;h\u00e9sitez pas \u00e0 contacter Benilde Menghini \u00e0 cette adresse\" \/>\n<meta name=\"robots\" content=\"index, follow, max-snippet:-1, max-image-preview:large, max-video-preview:-1\" \/>\n<link rel=\"canonical\" href=\"https:\/\/benildemenghini.com\/index.php\/contact\/\" \/>\n<meta property=\"og:locale\" content=\"fr_FR\" \/>\n<meta property=\"og:type\" content=\"article\" \/>\n<meta property=\"og:title\" content=\"Contact - Benilde Menghini\" \/>\n<meta property=\"og:description\" content=\"La page contact de Benilde Menghini. Pour toute information ou demande, n&#039;h\u00e9sitez pas \u00e0 contacter Benilde Menghini \u00e0 cette adresse\" \/>\n<meta property=\"og:url\" content=\"https:\/\/benildemenghini.com\/index.php\/contact\/\" \/>\n<meta property=\"og:site_name\" content=\"Benilde Menghini\" \/>\n<meta property=\"article:modified_time\" content=\"2025-01-05T20:42:29+00:00\" \/>\n<meta property=\"og:image\" content=\"https:\/\/benildemenghini.com\/wp-content\/uploads\/2023\/09\/benilde-reproduction2.jpg\" \/>\n<meta name=\"twitter:card\" content=\"summary_large_image\" \/>\n<meta name=\"twitter:label1\" content=\"Dur\u00e9e de lecture estim\u00e9e\" \/>\n\t<meta name=\"twitter:data1\" content=\"1 minute\" \/>\n<script type=\"application\/ld+json\" class=\"yoast-schema-graph\">{\"@context\":\"https:\/\/schema.org\",\"@graph\":[{\"@type\":\"WebPage\",\"@id\":\"https:\/\/benildemenghini.com\/index.php\/contact\/\",\"url\":\"https:\/\/benildemenghini.com\/index.php\/contact\/\",\"name\":\"Contact - Benilde Menghini\",\"isPartOf\":{\"@id\":\"https:\/\/benildemenghini.com\/#website\"},\"primaryImageOfPage\":{\"@id\":\"https:\/\/benildemenghini.com\/index.php\/contact\/#primaryimage\"},\"image\":{\"@id\":\"https:\/\/benildemenghini.com\/index.php\/contact\/#primaryimage\"},\"thumbnailUrl\":\"https:\/\/benildemenghini.com\/wp-content\/uploads\/2023\/09\/benilde-reproduction2.jpg\",\"datePublished\":\"2023-09-07T22:14:45+00:00\",\"dateModified\":\"2025-01-05T20:42:29+00:00\",\"description\":\"La page contact de Benilde Menghini. Pour toute information ou demande, n'h\u00e9sitez pas \u00e0 contacter Benilde Menghini \u00e0 cette adresse\",\"breadcrumb\":{\"@id\":\"https:\/\/benildemenghini.com\/index.php\/contact\/#breadcrumb\"},\"inLanguage\":\"fr-FR\",\"potentialAction\":[{\"@type\":\"ReadAction\",\"target\":[\"https:\/\/benildemenghini.com\/index.php\/contact\/\"]}]},{\"@type\":\"ImageObject\",\"inLanguage\":\"fr-FR\",\"@id\":\"https:\/\/benildemenghini.com\/index.php\/contact\/#primaryimage\",\"url\":\"https:\/\/benildemenghini.com\/wp-content\/uploads\/2023\/09\/benilde-reproduction2.jpg\",\"contentUrl\":\"https:\/\/benildemenghini.com\/wp-content\/uploads\/2023\/09\/benilde-reproduction2.jpg\"},{\"@type\":\"BreadcrumbList\",\"@id\":\"https:\/\/benildemenghini.com\/index.php\/contact\/#breadcrumb\",\"itemListElement\":[{\"@type\":\"ListItem\",\"position\":1,\"name\":\"Accueil\",\"item\":\"https:\/\/benildemenghini.com\/\"},{\"@type\":\"ListItem\",\"position\":2,\"name\":\"Contact\"}]},{\"@type\":\"WebSite\",\"@id\":\"https:\/\/benildemenghini.com\/#website\",\"url\":\"https:\/\/benildemenghini.com\/\",\"name\":\"Benilde Menghini\",\"description\":\"Benilde est une artiste peintre de Polyn\u00e9sie qui expose ses peintures \u00e0 Tahiti\",\"publisher\":{\"@id\":\"https:\/\/benildemenghini.com\/#organization\"},\"potentialAction\":[{\"@type\":\"SearchAction\",\"target\":{\"@type\":\"EntryPoint\",\"urlTemplate\":\"https:\/\/benildemenghini.com\/?s={search_term_string}\"},\"query-input\":{\"@type\":\"PropertyValueSpecification\",\"valueRequired\":true,\"valueName\":\"search_term_string\"}}],\"inLanguage\":\"fr-FR\"},{\"@type\":\"Organization\",\"@id\":\"https:\/\/benildemenghini.com\/#organization\",\"name\":\"Benilde Menghini\",\"url\":\"https:\/\/benildemenghini.com\/\",\"logo\":{\"@type\":\"ImageObject\",\"inLanguage\":\"fr-FR\",\"@id\":\"https:\/\/benildemenghini.com\/#\/schema\/logo\/image\/\",\"url\":\"https:\/\/benildemenghini.com\/wp-content\/uploads\/2023\/09\/20230414_170557_resized.jpg\",\"contentUrl\":\"https:\/\/benildemenghini.com\/wp-content\/uploads\/2023\/09\/20230414_170557_resized.jpg\",\"width\":452,\"height\":553,\"caption\":\"Benilde Menghini\"},\"image\":{\"@id\":\"https:\/\/benildemenghini.com\/#\/schema\/logo\/image\/\"}}]}<\/script>\n<!-- \/ Yoast SEO plugin. -->","yoast_head_json":{"title":"Contact - Benilde Menghini","description":"La page contact de Benilde Menghini. Pour toute information ou demande, n'h\u00e9sitez pas \u00e0 contacter Benilde Menghini \u00e0 cette adresse","robots":{"index":"index","follow":"follow","max-snippet":"max-snippet:-1","max-image-preview":"max-image-preview:large","max-video-preview":"max-video-preview:-1"},"canonical":"https:\/\/benildemenghini.com\/index.php\/contact\/","og_locale":"fr_FR","og_type":"article","og_title":"Contact - Benilde Menghini","og_description":"La page contact de Benilde Menghini. Pour toute information ou demande, n'h\u00e9sitez pas \u00e0 contacter Benilde Menghini \u00e0 cette adresse","og_url":"https:\/\/benildemenghini.com\/index.php\/contact\/","og_site_name":"Benilde Menghini","article_modified_time":"2025-01-05T20:42:29+00:00","og_image":[{"url":"https:\/\/benildemenghini.com\/wp-content\/uploads\/2023\/09\/benilde-reproduction2.jpg","type":"","width":"","height":""}],"twitter_card":"summary_large_image","twitter_misc":{"Dur\u00e9e de lecture estim\u00e9e":"1 minute"},"schema":{"@context":"https:\/\/schema.org","@graph":[{"@type":"WebPage","@id":"https:\/\/benildemenghini.com\/index.php\/contact\/","url":"https:\/\/benildemenghini.com\/index.php\/contact\/","name":"Contact - Benilde Menghini","isPartOf":{"@id":"https:\/\/benildemenghini.com\/#website"},"primaryImageOfPage":{"@id":"https:\/\/benildemenghini.com\/index.php\/contact\/#primaryimage"},"image":{"@id":"https:\/\/benildemenghini.com\/index.php\/contact\/#primaryimage"},"thumbnailUrl":"https:\/\/benildemenghini.com\/wp-content\/uploads\/2023\/09\/benilde-reproduction2.jpg","datePublished":"2023-09-07T22:14:45+00:00","dateModified":"2025-01-05T20:42:29+00:00","description":"La page contact de Benilde Menghini. Pour toute information ou demande, n'h\u00e9sitez pas \u00e0 contacter Benilde Menghini \u00e0 cette adresse","breadcrumb":{"@id":"https:\/\/benildemenghini.com\/index.php\/contact\/#breadcrumb"},"inLanguage":"fr-FR","potentialAction":[{"@type":"ReadAction","target":["https:\/\/benildemenghini.com\/index.php\/contact\/"]}]},{"@type":"ImageObject","inLanguage":"fr-FR","@id":"https:\/\/benildemenghini.com\/index.php\/contact\/#primaryimage","url":"https:\/\/benildemenghini.com\/wp-content\/uploads\/2023\/09\/benilde-reproduction2.jpg","contentUrl":"https:\/\/benildemenghini.com\/wp-content\/uploads\/2023\/09\/benilde-reproduction2.jpg"},{"@type":"BreadcrumbList","@id":"https:\/\/benildemenghini.com\/index.php\/contact\/#breadcrumb","itemListElement":[{"@type":"ListItem","position":1,"name":"Accueil","item":"https:\/\/benildemenghini.com\/"},{"@type":"ListItem","position":2,"name":"Contact"}]},{"@type":"WebSite","@id":"https:\/\/benildemenghini.com\/#website","url":"https:\/\/benildemenghini.com\/","name":"Benilde Menghini","description":"Benilde est une artiste peintre de Polyn\u00e9sie qui expose ses peintures \u00e0 Tahiti","publisher":{"@id":"https:\/\/benildemenghini.com\/#organization"},"potentialAction":[{"@type":"SearchAction","target":{"@type":"EntryPoint","urlTemplate":"https:\/\/benildemenghini.com\/?s={search_term_string}"},"query-input":{"@type":"PropertyValueSpecification","valueRequired":true,"valueName":"search_term_string"}}],"inLanguage":"fr-FR"},{"@type":"Organization","@id":"https:\/\/benildemenghini.com\/#organization","name":"Benilde Menghini","url":"https:\/\/benildemenghini.com\/","logo":{"@type":"ImageObject","inLanguage":"fr-FR","@id":"https:\/\/benildemenghini.com\/#\/schema\/logo\/image\/","url":"https:\/\/benildemenghini.com\/wp-content\/uploads\/2023\/09\/20230414_170557_resized.jpg","contentUrl":"https:\/\/benildemenghini.com\/wp-content\/uploads\/2023\/09\/20230414_170557_resized.jpg","width":452,"height":553,"caption":"Benilde Menghini"},"image":{"@id":"https:\/\/benildemenghini.com\/#\/schema\/logo\/image\/"}}]}},"uagb_featured_image_src":{"full":false,"thumbnail":false,"medium":false,"medium_large":false,"large":false,"1536x1536":false,"2048x2048":false},"uagb_author_info":{"display_name":"benildemenghini.com","author_link":"https:\/\/benildemenghini.com\/index.php\/author\/benildemenghini-com\/"},"uagb_comment_info":0,"uagb_excerpt":null,"_links":{"self":[{"href":"https:\/\/benildemenghini.com\/index.php\/wp-json\/wp\/v2\/pages\/560","targetHints":{"allow":["GET"]}}],"collection":[{"href":"https:\/\/benildemenghini.com\/index.php\/wp-json\/wp\/v2\/pages"}],"about":[{"href":"https:\/\/benildemenghini.com\/index.php\/wp-json\/wp\/v2\/types\/page"}],"author":[{"embeddable":true,"href":"https:\/\/benildemenghini.com\/index.php\/wp-json\/wp\/v2\/users\/1"}],"replies":[{"embeddable":true,"href":"https:\/\/benildemenghini.com\/index.php\/wp-json\/wp\/v2\/comments?post=560"}],"version-history":[{"count":9,"href":"https:\/\/benildemenghini.com\/index.php\/wp-json\/wp\/v2\/pages\/560\/revisions"}],"predecessor-version":[{"id":1136,"href":"https:\/\/benildemenghini.com\/index.php\/wp-json\/wp\/v2\/pages\/560\/revisions\/1136"}],"wp:attachment":[{"href":"https:\/\/benildemenghini.com\/index.php\/wp-json\/wp\/v2\/media?parent=560"}],"wp:term":[{"taxonomy":"folder","embeddable":true,"href":"https:\/\/benildemenghini.com\/index.php\/wp-json\/wp\/v2\/folder?post=560"}],"curies":[{"name":"wp","href":"https:\/\/api.w.org\/{rel}","templated":true}]}}